{"id":115,"date":"2026-04-17T17:30:23","date_gmt":"2026-04-17T17:30:23","guid":{"rendered":"https:\/\/paellamatic.com\/?page_id=115"},"modified":"2026-04-17T17:39:36","modified_gmt":"2026-04-17T17:39:36","slug":"inicio","status":"publish","type":"page","link":"https:\/\/paellamatic.com\/","title":{"rendered":"Inicio"},"content":{"rendered":"<p>[et_pb_section fb_built=\u00bb1&#8243; _builder_version=\u00bb4.27.6&#8243; _module_preset=\u00bbdefault\u00bb global_colors_info=\u00bb{}\u00bb][et_pb_row _builder_version=\u00bb4.27.6&#8243; _module_preset=\u00bbdefault\u00bb global_colors_info=\u00bb{}\u00bb][et_pb_column type=\u00bb4_4&#8243; _builder_version=\u00bb4.27.6&#8243; _module_preset=\u00bbdefault\u00bb global_colors_info=\u00bb{}\u00bb][et_pb_heading title=\u00bbINGENIER\u00cdA GASTRON\u00d3MICA CON SABOR ARTESANAL\u00bb _builder_version=\u00bb4.27.6&#8243; _module_preset=\u00bbdefault\u00bb title_font=\u00bbAboreto||||||||\u00bb title_text_align=\u00bbcenter\u00bb title_font_size=\u00bb47px\u00bb hover_enabled=\u00bb0&#8243; title_text_shadow_style=\u00bbpreset1&#8243; global_colors_info=\u00bb{}\u00bb sticky_enabled=\u00bb0&#8243;][\/et_pb_heading][\/et_pb_column][\/et_pb_row][et_pb_row _builder_version=\u00bb4.27.6&#8243; _module_preset=\u00bbdefault\u00bb global_colors_info=\u00bb{}\u00bb][et_pb_column type=\u00bb4_4&#8243; _builder_version=\u00bb4.27.6&#8243; _module_preset=\u00bbdefault\u00bb global_colors_info=\u00bb{}\u00bb][et_pb_image src=\u00bbhttps:\/\/paellamatic.com\/wp-content\/uploads\/2026\/03\/WhatsApp_Image_2026-03-04_at_19.07.11-removebg-preview-1-1.png\u00bb title_text=\u00bbWhatsApp_Image_2026-03-04_at_19.07.11-removebg-preview-1&#8243; align=\u00bbcenter\u00bb _builder_version=\u00bb4.27.6&#8243; _module_preset=\u00bbdefault\u00bb global_colors_info=\u00bb{}\u00bb][\/et_pb_image][\/et_pb_column][\/et_pb_row][et_pb_row _builder_version=\u00bb4.27.6&#8243; _module_preset=\u00bbdefault\u00bb global_colors_info=\u00bb{}\u00bb][et_pb_column type=\u00bb4_4&#8243; _builder_version=\u00bb4.27.6&#8243; _module_preset=\u00bbdefault\u00bb global_colors_info=\u00bb{}\u00bb][et_pb_heading title=\u00bbEn proceso de busqu\u00e9da de nuevos inversores\u00bb _builder_version=\u00bb4.27.6&#8243; _module_preset=\u00bbdefault\u00bb title_font=\u00bbAboreto||||||||\u00bb title_text_align=\u00bbcenter\u00bb title_text_color=\u00bb#000000&#8243; title_font_size=\u00bb29px\u00bb title_text_shadow_style=\u00bbpreset1&#8243; global_colors_info=\u00bb{}\u00bb][\/et_pb_heading][et_pb_text _builder_version=\u00bb4.27.6&#8243; _module_preset=\u00bbdefault\u00bb global_colors_info=\u00bb{}\u00bb]<\/p>\n<p>Ruta:<span>\u00a0<\/span><strong>De la Idea a la Mesa<\/strong><\/p>\n<p><strong><\/strong><\/p>\n<ol>\n<li><strong>Conceptualizaci\u00f3n e Ingenier\u00eda de Dise\u00f1o.<\/strong><\/li>\n<li><strong>Protecci\u00f3n de Activos (Propiedad Intelectual):<\/strong>\n<ol>\n<li>\n<ol>\n<li><strong>Modelo de Utilidad<\/strong><\/li>\n<li><strong>\u00a0Marca<span>\u00a0<\/span><span style=\"color: #e09900;\">Paellamatic\u00ae<\/span><\/strong><\/li>\n<\/ol>\n<\/li>\n<\/ol>\n<\/li>\n<li><strong>Constituci\u00f3n Jur\u00eddica<\/strong>: Creaci\u00f3n de<span>\u00a0<\/span><span style=\"color: #e09900;\"><strong>Paellamatic S.L.<\/strong><\/span><\/li>\n<li><strong>\u00a0Prototipado Alpha (Prueba de Concepto):<\/strong><span>\u00a0<\/span>Validaci\u00f3n de componentes cr\u00edticos.<\/li>\n<li><strong>Desarrollo del MVP (Producto M\u00ednimo Viable):<\/strong><span>\u00a0<\/span>Primera ronda un socio 10%.<\/li>\n<li><strong>Validaci\u00f3n Gastron\u00f3mica y de Carga:<\/strong><span>\u00a0<\/span>Pruebas de estr\u00e9s mec\u00e1nico y, coordinaci\u00f3n inform\u00e1tica. Mecatr\u00f3nica.<\/li>\n<li><strong>Certificaci\u00f3n y Seguridad (Marcado CE):<\/strong><span>\u00a0<\/span>Ensayos de laboratorio para cumplir con las directivas de m\u00e1quinas, baja tensi\u00f3n y compatibilidad electromagn\u00e9tica<\/li>\n<li><strong>Servidores de gesti\u00f3n y cobro:<span>\u00a0<\/span><\/strong>Segunda ronda 10%, a coste x 1,5 del 5.<\/li>\n<li><strong>Industrializaci\u00f3n y Escalabilidad:<\/strong><span>\u00a0<\/span>Optimizaci\u00f3n producci\u00f3n en serie.<\/li>\n<li><strong>Explotaci\u00f3n:<\/strong><span>\u00a0<\/span>Primeras ferias y\/o c\u00f3rners.<\/li>\n<\/ol>\n<p>[\/et_pb_text][et_pb_text _builder_version=\u00bb4.27.6&#8243; _module_preset=\u00bbdefault\u00bb text_font=\u00bbAboreto|700|||||||\u00bb text_text_color=\u00bb#000000&#8243; text_orientation=\u00bbcenter\u00bb global_colors_info=\u00bb{}\u00bb]<\/p>\n<p>Estamos trabajando en la p\u00e1gina.!!!!<\/p>\n<p>[\/et_pb_text][\/et_pb_column][\/et_pb_row][\/et_pb_section]<\/p>\n","protected":false},"excerpt":{"rendered":"<p>Ruta:\u00a0De la Idea a la Mesa Conceptualizaci\u00f3n e Ingenier\u00eda de Dise\u00f1o. Protecci\u00f3n de Activos (Propiedad Intelectual): Modelo de Utilidad \u00a0Marca\u00a0Paellamatic\u00ae Constituci\u00f3n Jur\u00eddica: Creaci\u00f3n de\u00a0Paellamatic S.L. \u00a0Prototipado Alpha (Prueba de Concepto):\u00a0Validaci\u00f3n de componentes cr\u00edticos. Desarrollo del MVP (Producto M\u00ednimo Viable):\u00a0Primera ronda un socio 10%. Validaci\u00f3n Gastron\u00f3mica y de Carga:\u00a0Pruebas de estr\u00e9s mec\u00e1nico y, coordinaci\u00f3n inform\u00e1tica. Mecatr\u00f3nica. [&hellip;]<\/p>\n","protected":false},"author":2,"featured_media":0,"parent":0,"menu_order":0,"comment_status":"closed","ping_status":"closed","template":"","meta":{"_et_pb_use_builder":"on","_et_pb_old_content":"","_et_gb_content_width":"","footnotes":""},"class_list":["post-115","page","type-page","status-publish","hentry"],"_links":{"self":[{"href":"https:\/\/paellamatic.com\/index.php?rest_route=\/wp\/v2\/pages\/115","targetHints":{"allow":["GET"]}}],"collection":[{"href":"https:\/\/paellamatic.com\/index.php?rest_route=\/wp\/v2\/pages"}],"about":[{"href":"https:\/\/paellamatic.com\/index.php?rest_route=\/wp\/v2\/types\/page"}],"author":[{"embeddable":true,"href":"https:\/\/paellamatic.com\/index.php?rest_route=\/wp\/v2\/users\/2"}],"replies":[{"embeddable":true,"href":"https:\/\/paellamatic.com\/index.php?rest_route=%2Fwp%2Fv2%2Fcomments&post=115"}],"version-history":[{"count":4,"href":"https:\/\/paellamatic.com\/index.php?rest_route=\/wp\/v2\/pages\/115\/revisions"}],"predecessor-version":[{"id":129,"href":"https:\/\/paellamatic.com\/index.php?rest_route=\/wp\/v2\/pages\/115\/revisions\/129"}],"wp:attachment":[{"href":"https:\/\/paellamatic.com\/index.php?rest_route=%2Fwp%2Fv2%2Fmedia&parent=115"}],"curies":[{"name":"wp","href":"https:\/\/api.w.org\/{rel}","templated":true}]}}